 13. Let o(s) = 3*s - 17. Let h(g) = g - 6. Let v(c) = -17*h(c) + 6*o(c). Let f(b) = a(b) + 4*v(b). Let u = 61 + -55. Give f(u).
7
Let k(l) = l**2 + 6*l - 1 - 45*l + 44*l. Let z(t) = 3*t - 1. Let s be z(-1). Calculate k(s).
-5
Let o(k) = -k**2 + 7*k + 8. Suppose 2*i = 593 - 579. Determine o(i).
8
Let b(j) = j**2 + 4*j - 1. Let a(u) = -u**2 + 10*u - 9. Let i(d) = -d + 1. Let l(r) = -a(r) - 3*i(r). Let k be l(7). Let g be -6*(-5)/((-45)/k). Give b(g).
-1
Let d(f) be the first derivative of f**2/2 + 3*f + 73. What is d(-7)?
-4
Let o(h) be the first derivative of -h**4/4 - 4*h**3/3 + 3*h**2/2 - 2*h + 104. Give o(-5).
8
Let r(b) = 10*b**2 - 16*b - 3. Let m(q) = -7*q**2 + 11*q + 2. Let h(i) = 7*m(i) + 5*r(i). Let f(o) = 43*o + 1. Let x be f(1). Let p = x + -40. What is h(p)?
3
Let v = -4 + 4. Suppose -5*l + v*i - i + 36 = 0, 5*i = 4*l - 52. Let n = l + -4. Let z(s) = -s**3 + 5*s**2 - 6*s + 4. What is z(n)?
-4
Let b(n) = -n**2 - 17*n - 16. Suppose 0 = -64*i + 65*i + 16. Let q be b(i). Let u(y) = -y + 2. Calculate u(q).
2
Let c(m) = -6*m + 12. Let q(a) = a - 2. Let b(j) = 6*c(j) + 34*q(j). Let p be (-62)/(-12) + 0 + 7/(-42). Determine b(p).
-6
Let a be (-7)/(7/(-12)) - 13. Let w(k) = 9*k**2 - 3*k + 4. Let v(p) = 18*p**2 - 7*p + 9. Let o(y) = 3*v(y) - 7*w(y). What is o(a)?
-10
Let d(l) = -l**3 - 7*l**2 - 7*l - 7. Suppose 3*f + 110 = -19*f. Give d(f).
-22
Let m(a) = -2*a**2 + a + 2. Let o(w) = w**3 - 4*w**2. Let h be o(4). Suppose h*j - 2*j = -10. Suppose -12 = -2*s + 4*n, s + s + j*n = -24. Determine m(s).
-8
Let b = 9 + -7. Let s(i) = 1 + b*i - 4*i - 4*i**2 + 3*i - 3*i. Let r(k) = k**2. Let z(n) = -5*r(n) - s(n). Determine z(2).
-1
Let u(v) = 24*v**2 - 10*v + 262 - 272 - v**3 - 12*v**2. Give u(11).
1
Suppose -w + 5*w = 36. Let k be (2/(-6))/((-1)/w). Let m(n) = 2*n**3 - n + k - 2 + n**3 + n**2 - 7*n**3. Calculate m(1).
-3
Suppose 7*j - 3*j = 8. Let y(s) = s + 3*s**2 + 5*s - 4*s**j - 4. Let n(c) = 2*c**3 + 50*c**2 + 6. Let x be n(-25). What is y(x)?
-4
Let a = -53 + 54. Let h(j) = -a - 16 + j + 17. Calculate h(3).
3
Let b(l) = 111*l + 73*l - 167*l + 4 + l**2. Calculate b(-17).
4
Let s(x) = -x**2 + 5*x - 4. Let d be s(5). Let y(q) be the second derivative of -q**4/12 - q**3/2 + 3*q**2/2 - 3*q + 56. Calculate y(d).
-1
Let p(k) = -k**3 - 4*k**2 - 2*k + 1. Let m be p(-2). Let h be (m + 84/16)/(6/16). Let n(u) = u**3 - 6*u**2 - 3*u + 5. Give n(h).
-13
Let k(h) = -h**3 + 9*h**2 - 8*h + 9. Let f be k(8). Suppose f = 5*d - 6. Let l(y) = 0*y**d - y + 7 + 2*y + y**3. Determine l(0).
7
Let a(y) be the first derivative of y**5/20 + y**4/3 - 7*y**3/6 + y**2/2 + 14*y + 15. Let f(m) be the first derivative of a(m). Determine f(-5).
11
Let i(o) = o + 10. Let x(m) = 2*m + 21. Let l(g) = -5*i(g) + 2*x(g). Calculate l(-14).
6
Let d(q) = -q**3 - 9*q**2 - 7*q - 4. Let i be (-25)/3 + (-6)/(-18). Calculate d(i).
-12
Suppose -z + 7*z - 18 = 0. Let x(q) = -3*q**2 + 4*q - 21 - 22 + 41 + q**z. Calculate x(3).
10
Let a(w) be the third derivative of w**4/3 - 4*w**2 + 2. Give a(-1).
-8
Let k(g) = 3*g**3 - 554*g - 4*g**2 - 11 - 2*g**3 + 7*g**2 + 543*g + 4*g**2. Give k(-8).
13
Let l(s) be the first derivative of s**4/4 - 2*s**3/3 + s + 8. Let x be -2 + 2/((-6)/(-9)). Let t be l(x). Let u(c) = c - 6. Determine u(t).
-6
Let t(y) = -2*y - 17 + 21 + 4*y - 10*y. Calculate t(4).
-28
Let v(s) = -3*s**2 + 7*s - 64. Let p(f) = 14*f**2 - 35*f + 302. Let a(r) = -4*p(r) - 19*v(r). Let c = -6 + -1. Determine a(c).
8
Let n(d) = -2*d**2 + 3*d - 1. Suppose -4*v + v - 5*g = -31, 4*g = -5*v + 30. Give n(v).
-3
Let z(h) = 6 + 14*h**2 - 3*h**2 - 7. What is z(1)?
10
Suppose 19*k - 25 = -6*k. Let i(a) = -a**3 + a - 1. Let j be i(-2). Let y(m) = 6*m - 5 + j. What is y(k)?
6
Let a(z) = 7*z**2 + 9*z - 9. Let d(x) = -3*x**2 - 5*x + 4. Let p = -126 + 121. Let m(j) = p*d(j) - 2*a(j). Give m(-5).
-12
Let a(z) = z**2 + 3*z + 6. Suppose 0*r - 5*r = -120. Let b = -29 + r. Give a(b).
16
Suppose 3*k - 8 = -k. Let v(s) = s**3 + 1. Let a(q) = q**3 + 3*q**2 + q + 2. Let n(j) = -a(j) + 2*v(j). Give n(k).
-6
Let p(v) = -3*v - 2. Let a = 198 - 201. Calculate p(a).
7
Let y = 5 + 5. Let h(p) = -y*p + 10*p - 7 + p**3 - 2*p + 5*p**2. Determine h(-5).
3
Let r = -163 + 163. Let v(a) be the third derivative of a**6/120 - a**5/60 + a**4/24 + a**3/2 + 3*a**2. Give v(r).
3
Let z(l) = l**3 + 5*l**2 - 4*l + 8. Suppose 2 = 4*x - g + 5, -3*x = -5*g + 15. Suppose -5*k + 10 = x, 5*f + 3*k + 31 = 7. Calculate z(f).
-4
Let o(x) = -7*x**2 + 11*x + 11. Let q(h) = 5*h**2 - 12*h - 10. Let i(n) = 2*o(n) + 3*q(n). Determine i(15).
7
Let s(t) = -4*t - 35. Let m be s(-10). Let r(y) = -4*y - 7. Let o(c) = -3*c - 6. Let z(k) = m*r(k) - 6*o(k). Give z(-2).
5
Let z(n) = n**3 + 3 + 1699*n**2 - 843*n**2 - 856*n**2. Calculate z(2).
11
Suppose 5*r - 4*n - 14 = 0, -5*r + 3*n + 15 = -3. Suppose r = -2*a + 16. Let d(m) = -m + 4. Let t(l) = -1. Let k(x) = -2*d(x) - 3*t(x). Calculate k(a).
5
Let u(p) = -p**2 + 6*p + 5. Let i(s) = 8*s - 12 - 15*s - 2*s. Let r be i(-2). Give u(r).
5
Let y(m) = m**2 + 6*m + 5. Let p be (-1)/((-30)/20 - (-22)/12). Give y(p).
-4
Let z(m) = -2*m**3 - 12*m**2 + 80*m + 3. Let v be z(-10). Let a(w) = -w**3 + 5*w**2 - 5*w - 2. Give a(v).
1
Let p = -1086 - -1088. Let w(h) = -h**3 - 4*h**2 + 2*h + 2. Give w(p).
-18
Let f(o) = 11*o**2 - 2*o - 6. Let g(d) = 2*d**2 + d - 1. Let u(n) = f(n) - 6*g(n). Give u(-9).
-9
Let x(y) = 32 + 3 + 5*y - 2*y**2 + 3*y**2 - 32. Let i(r) = -r**2 - r + 1. Let d be i(2). Calculate x(d).
3
Suppose 25 = 3*u - 2*p, 26 = 2*u + 2*u + p. Let q(o) = 0*o + 6*o - u*o - 1. Let t be q(-4). Let g(r) = -2*r. Give g(t).
-6
Let w(h) = 2*h**2 - 4*h + 7. Let f(b) = -3*b**2 + 5*b - 8. Let o(q) = 5*f(q) + 6*w(q). Calculate o(-2).
-12
Let m(t) = -26*t**2 - 1. Suppose -5*n + 4 = -n + 2*s, 3*s = 3*n + 15. Determine m(n).
-27
Let g(r) = 16*r**3 + 4*r**2 - 1 + 13*r**3 + 15*r**3 - 43*r**3 - 3*r. Calculate g(-5).
-11
Let d(b) = b**3 + 8*b**2 + 6*b + 7. Let h = 357 - 364. Calculate d(h).
14
Let r(y) be the second derivative of 0 - 1/20*y**5 + 5*y + 1/6*y**4 - 3/2*y**2 + 1/6*y**3. Calculate r(3).
-9
Let t(g) = -2*g + 13. Let k(s) = -8*s + 51. Let i(b) = -2*k(b) + 9*t(b). Calculate i(12).
-9
Let d(x) = -2*x + 7. Suppose -120*s + 127*s = -105. Determine d(s).
37
Let m(n) = -3*n + 2. Suppose g + 23 = -3*u + 8*u, 5*g = 2*u. Suppose 3*d + 3*y - 47 + 2 = 0, 3*y + u = 2*d. Suppose 2*f = -3*f + d. Calculate m(f).
-4
Let l = 863 - 861. Let g(n) = -2*n**2 + n + 9 - 9. Determine g(l).
-6
Suppose -t - 4*x = -13, 0*t + 2*x - 8 = -2*t. Let s(z) = -2*z + 3 + 1 - t. Let a = -1054 - -1060. Determine s(a).
-9
Let j(w) = 2*w + 1. Let p(q) = 13*q - 6. Let r(a) = 6*j(a) - p(a). Calculate r(0).
12
Let f be (6/(-8) - -1) + (-49)/(-28). Suppose 3*x = 4*j - 28, 3*j - 3*x = -f*x + 16. Let q(c) = c**3 - 3*c**2 - 7*c + 6. Give q(j).
-6
Let y(s) = -8*s + 5. Let z(w) = 4*w - 4. Let c(u) = 3*y(u) + 7*z(u). Calculate c(2).
-5
Let u(n) = 3*n - n**2 + 120 - n**3 - 53 - 68. Determine u(2).
-7
Let g(y) be the second derivative of -2*y**5/5 - y**4/4 - y**3/2 - y**2/2 - y + 36. Determine g(-1).
7
Let g = -111 + 172. Let x(o) = -28*o**3 + o + 2*o**2 - 29*o**3 + g*o**3. What is x(-1)?
-3
Suppose 9*q = 26*q - 17. Let h(a) = 23*a**2. Determine h(q).
23
Suppose 0 = 2*c - 3*c + 3. Let g(a) = -3*a + 2*a - a - c*a - 9. Give g(-6).
21
Suppose -4*x - b - 2*b - 4 = 0, -4*x - b - 4 = 0. Let y(u) = -3*u - 21. Let z be y(-10). Let d(c) = -z*c + 3 + 2 - 4. Calculate d(x).
10
Let z(i) = -i**3 + 12*i**2 + i - 9. Let d be z(12). Let k = d + -3. Let c(b) = -b + 12 - 8 + k*b. Give c(-5).
9
Let f(h) = -2*h - 1. Let s be f(-2). Let d(o) = o + 1. Let y(c) = 1. Let r(z) = -2*z - 11. Let x be r(-5). Let b(w) = x*d(w) + 3*y(w). Give b(s).
-1
Let z(c) = -c**2 - c. Let i(y) = y**2 + 3*y + 1. Let o = -23 + 22. Let w(j) = o*i(j) - 2*z(j). Calculate w(-2).
5
Let n(s) = 2*s - 1. Let h(a) = 3*a - 3. Let k(b) = -3*h(b) + 4*n(b). What is k(5)?
0
Let w(z) = z**2 - 1. Let r(g) = 2*g**2 + g. Let u be r(1). Let a(l) = -2*l**2 - 7*l + 3. Let d(q) = u*w(q) + a(q). Calculate d(7).
0
Let c(n) = 2*n + 1. Let v be c(1). Let i(l) = -2 - 1 - 3*l**2 + 2 - 2*l - l**v. Suppose 302*g - g + 820 = -83. Calculate i(g).
5
Let p(v) = v**3 + 14*v**2 + 2*v + 30. Let w be p(-14). Suppose w + 0 = u. Let j(o) = -o**2 + o - 2. Give 